{"id":6881,"date":"2024-11-13T16:21:11","date_gmt":"2024-11-13T03:21:11","guid":{"rendered":"https:\/\/www.unitec.ac.nz\/epress\/?page_id=6881"},"modified":"2025-10-03T11:09:31","modified_gmt":"2025-10-02T22:09:31","slug":"dictyomeridium-neureuterae","status":"publish","type":"page","link":"https:\/\/www.unitec.ac.nz\/epress\/index.php\/perspectives-in-biodiversity\/volumes\/2024-1\/dictyomeridium-neureuterae\/","title":{"rendered":"Perspectives in Biodiversity | 2024 | Volume 2 | pp 69\u201376"},"content":{"rendered":"<nav class=\"is-responsive wp-block-navigation is-layout-flex wp-block-navigation-is-layout-flex\" aria-label=\"Perspectives in Biodiversity\" \n\t\t data-wp-interactive=\"core\/navigation\" data-wp-context='{\"overlayOpenedBy\":{\"click\":false,\"hover\":false,\"focus\":false},\"type\":\"overlay\",\"roleAttribute\":\"\",\"ariaLabel\":\"Menu\"}'><button aria-haspopup=\"dialog\" aria-label=\"Open menu\" class=\"wp-block-navigation__responsive-container-open\" \n\t\t\t\tdata-wp-on--click=\"actions.openMenuOnClick\"\n\t\t\t\tdata-wp-on--keydown=\"actions.handleMenuKeydown\"\n\t\t\t><svg width=\"24\" height=\"24\" xmlns=\"http:\/\/www.w3.org\/2000\/svg\" viewBox=\"0 0 24 24\" aria-hidden=\"true\" focusable=\"false\"><path d=\"M4 7.5h16v1.5H4z\"><\/path><path d=\"M4 15h16v1.5H4z\"><\/path><\/svg><\/button>\n\t\t\t\t<div class=\"wp-block-navigation__responsive-container\"  id=\"modal-1\" \n\t\t\t\tdata-wp-class--has-modal-open=\"state.isMenuOpen\"\n\t\t\t\tdata-wp-class--is-menu-open=\"state.isMenuOpen\"\n\t\t\t\tdata-wp-watch=\"callbacks.initMenu\"\n\t\t\t\tdata-wp-on--keydown=\"actions.handleMenuKeydown\"\n\t\t\t\tdata-wp-on--focusout=\"actions.handleMenuFocusout\"\n\t\t\t\ttabindex=\"-1\"\n\t\t\t>\n\t\t\t\t\t<div class=\"wp-block-navigation__responsive-close\" tabindex=\"-1\">\n\t\t\t\t\t\t<div class=\"wp-block-navigation__responsive-dialog\" \n\t\t\t\tdata-wp-bind--aria-modal=\"state.ariaModal\"\n\t\t\t\tdata-wp-bind--aria-label=\"state.ariaLabel\"\n\t\t\t\tdata-wp-bind--role=\"state.roleAttribute\"\n\t\t\t>\n\t\t\t\t\t\t\t<button aria-label=\"Close menu\" class=\"wp-block-navigation__responsive-container-close\" \n\t\t\t\tdata-wp-on--click=\"actions.closeMenuOnClick\"\n\t\t\t><svg xmlns=\"http:\/\/www.w3.org\/2000\/svg\" viewBox=\"0 0 24 24\" width=\"24\" height=\"24\" aria-hidden=\"true\" focusable=\"false\"><path d=\"m13.06 12 6.47-6.47-1.06-1.06L12 10.94 5.53 4.47 4.47 5.53 10.94 12l-6.47 6.47 1.06 1.06L12 13.06l6.47 6.47 1.06-1.06L13.06 12Z\"><\/path><\/svg><\/button>\n\t\t\t\t\t\t\t<div class=\"wp-block-navigation__responsive-container-content\" \n\t\t\t\tdata-wp-watch=\"callbacks.focusFirstElement\"\n\t\t\t id=\"modal-1-content\">\n\t\t\t\t\t\t\t\t<ul class=\"wp-block-navigation__container is-responsive wp-block-navigation\"><li class=\" wp-block-navigation-item wp-block-navigation-link\"><a class=\"wp-block-navigation-item__content\"  href=\"https:\/\/www.unitec.ac.nz\/epress\/index.php\/perspectives-in-biodiversity\/\" rel=\"https:\/\/www.unitec.ac.nz\/epress\/index.php\/perspectives-in-biodiversity\/\" title=\"Home\"><span class=\"wp-block-navigation-item__label\">Home PBD |<\/span><\/a><\/li><li class=\" wp-block-navigation-item wp-block-navigation-link\"><a class=\"wp-block-navigation-item__content\"  href=\"https:\/\/www.unitec.ac.nz\/epress\/index.php\/perspectives-in-biodiversity\/editorial-board\/\" rel=\"https:\/\/www.unitec.ac.nz\/epress\/index.php\/perspectives-in-biodiversity\/editorial-board\/\"><span class=\"wp-block-navigation-item__label\">Editorial Board |<\/span><\/a><\/li><li class=\" wp-block-navigation-item wp-block-navigation-link\"><a class=\"wp-block-navigation-item__content\"  href=\"https:\/\/www.unitec.ac.nz\/epress\/index.php\/perspectives-in-biodiversity\/author-guidelines\/\" rel=\"https:\/\/www.unitec.ac.nz\/epress\/index.php\/perspectives-in-animal-health-and-welfare\/author-guidelines\/\" title=\"Author Guidelines\"><span class=\"wp-block-navigation-item__label\">Author Guidelines |<\/span><\/a><\/li><li class=\" wp-block-navigation-item wp-block-navigation-link\"><a class=\"wp-block-navigation-item__content\"  href=\"https:\/\/www.unitec.ac.nz\/epress\/index.php\/perspectives-in-biodiversity\/volumes\/\" rel=\"https:\/\/www.unitec.ac.nz\/epress\/index.php\/perspectives-in-biodiversity\/volumes\/\" title=\"Issues\"><span class=\"wp-block-navigation-item__label\">Articles |<\/span><\/a><\/li><li class=\" wp-block-navigation-item wp-block-navigation-link\"><a class=\"wp-block-navigation-item__content\"  href=\"https:\/\/www.unitec.ac.nz\/epress\/index.php\/perspectives-in-biodiversity\/editorial-board\/\" rel=\"https:\/\/www.unitec.ac.nz\/epress\/index.php\/perspectives-in-biodiversity\/editorial-board\/\"><span class=\"wp-block-navigation-item__label\">Contact Us <\/span><\/a><\/li><\/ul>\n\t\t\t\t\t\t\t<\/div>\n\t\t\t\t\t\t<\/div>\n\t\t\t\t\t<\/div>\n\t\t\t\t<\/div><\/nav>\n\n\n<div style=\"height:50px\" aria-hidden=\"true\" class=\"wp-block-spacer\"><\/div>\n\n\n\n<div class=\"wp-block-columns is-layout-flex wp-container-core-columns-is-layout-9d6595d7 wp-block-columns-is-layout-flex\">\n<div class=\"wp-block-column is-layout-flow wp-block-column-is-layout-flow\">\n<p>Research Paper<\/p>\n<\/div>\n\n\n\n<div class=\"wp-block-column is-layout-flow wp-block-column-is-layout-flow\">\n<p class=\"has-text-align-right\"><a href=\"https:\/\/www.unitec.ac.nz\/epress\/index.php\/perspectives-in-biodiversity\/volumes\/2024-1\/\" data-type=\"page\" data-id=\"6451\">Volume 2<\/a><\/p>\n<\/div>\n<\/div>\n\n\n\n<h2 class=\"wp-block-heading\">A new species of <em>Dictyomeridium <\/em>(Trypetheliaceae) from Aotearoa \/ New Zealand and an updated key to species of the genus<\/h2>\n\n\n\n<p><a href=\"https:\/\/orcid.org\/0000-0002-8603-9461\" data-type=\"link\" data-id=\"https:\/\/orcid.org\/0009-0005-5113-461X\" target=\"_blank\" rel=\"noreferrer noopener\"><img loading=\"lazy\" decoding=\"async\" width=\"20\" height=\"20\" class=\"wp-image-5587\" style=\"width: 20px;\" src=\"http:\/\/www.unitec.ac.nz\/epress\/wp-content\/uploads\/2023\/09\/image.png\" alt=\"\"><\/a> Andrew J. Marshall <sup>1<\/sup>*, <a href=\"https:\/\/orcid.org\/0000-0001-7949-2594\" data-type=\"link\" data-id=\"https:\/\/orcid.org\/0009-0005-5113-461X\" target=\"_blank\" rel=\"noreferrer noopener\"><img loading=\"lazy\" decoding=\"async\" width=\"20\" height=\"20\" class=\"wp-image-5587\" style=\"width: 20px;\" src=\"http:\/\/www.unitec.ac.nz\/epress\/wp-content\/uploads\/2023\/09\/image.png\" alt=\"\"><\/a> Andr\u00e9 Aptroot<sup>2<\/sup>, <a href=\"https:\/\/orcid.org\/0000-0002-7931-5499\" data-type=\"link\" data-id=\"https:\/\/orcid.org\/0009-0005-5113-461X\" target=\"_blank\" rel=\"noreferrer noopener\"><img loading=\"lazy\" decoding=\"async\" width=\"20\" height=\"20\" class=\"wp-image-5587\" style=\"width: 20px;\" src=\"http:\/\/www.unitec.ac.nz\/epress\/wp-content\/uploads\/2023\/09\/image.png\" alt=\"\"><\/a> Dan J. Blanchon<sup>3<\/sup>, <a href=\"https:\/\/orcid.org\/0000-0001-6699-7083\" data-type=\"link\" data-id=\"https:\/\/orcid.org\/0009-0005-5113-461X\" target=\"_blank\" rel=\"noreferrer noopener\"><img loading=\"lazy\" decoding=\"async\" width=\"20\" height=\"20\" class=\"wp-image-5587\" style=\"width: 20px;\" src=\"http:\/\/www.unitec.ac.nz\/epress\/wp-content\/uploads\/2023\/09\/image.png\" alt=\"\"><\/a> Peter J. de Lange<sup>1<\/sup><br><br>Affiliations:<br>1 Applied Molecular Solutions Research Group, School of Environmental and Animal Sciences, Unitec, Private Bag 92025, Victoria Street West, Auckland 1142, New Zealand<br>2 Laborat\u00f3rio de Bot\u00e2nica \/ Liquenologia, Instituto de Bioci\u00eancias, Bairro Universit\u00e1rio, Campo Grande, Mato Grosso do Sul, Brazil<br>3 Auckland War Memorial Museum T\u0101maki Paenga Hira, Private Bag 92018, Victoria Street West, Auckland, New Zealand<br>*Author for correspondence: <a href=\"mailto:amarshall2@unitec.ac.nz\" target=\"_blank\" rel=\"noreferrer noopener\">amarshall2@unitec.ac.nz<\/a><br><br>Received: 26 July 2024 | Accepted: 24 August 2024 | Published: 9 December 2024<br>Associate Editor: Mark Large<br><a href=\"https:\/\/doi.org\/10.34074\/pibdiv.002108\">https:\/\/doi.org\/10.34074\/pibdiv.002108<\/a><\/p>\n\n\n\n<p class=\"has-text-align-right\"><a href=\"https:\/\/www.unitec.ac.nz\/epress\/wp-content\/uploads\/2024\/12\/PBD-MarshallETAL-2024.pdf\" data-type=\"attachment\" data-id=\"6990\" target=\"_blank\" rel=\"noreferrer noopener\">Download PDF<\/a><\/p>\n\n\n\n<p><strong>Abstract<\/strong>:<br><em>Dictyomeridium neureuterae<\/em> A.J.Marshall, Aptroot, de Lange et Blanchon sp. nov. (Trypetheliaceae) is described from Aotearoa \/ New Zealand. The new species is described from a single location in the Hauraki Gulf Islands and is the only known representative of the genus in Aotearoa \/ New Zealand. It is characterised by having a pale, ecorticate, UV- thallus, eccentric to lateral ostioles lacking any pigmentation, and 8-spored asci containing comparatively small, muriform, non-amyloid ascospores.<\/p>\n\n\n\n<div style=\"height:50px\" aria-hidden=\"true\" class=\"wp-block-spacer\"><\/div>\n\n\n\n<p class=\"has-small-font-size\"><strong>Cite as<\/strong><br>Marshall, A. J., Aptroot, A., Blanchon, D. J., de Lange, P. J. (2024). A new species of <em>Dictyomeridium<\/em> (Trypetheliaceae) from Aotearoa \/ New Zealand and an updated key to species of the genus. <em>Perspectives in Biodiversity<\/em>, 2 (1): 69\u201376. <a href=\"https:\/\/doi.org\/10.34074\/pibdiv.002108\">https:\/\/doi.org\/10.34074\/pibdiv.002108<\/a><\/p>\n","protected":false},"excerpt":{"rendered":"<p>Research Paper Volume 2 A new species of Dictyomeridium (Trypetheliaceae) from Aotearoa \/ New Zealand and an updated key to species of the genus Andrew J. Marshall 1*, Andr\u00e9 Aptroot2, Dan J. Blanchon3, Peter J. de Lange1 Affiliations:1 Applied Molecular&#8230; <a class=\"more-link\" href=\"https:\/\/www.unitec.ac.nz\/epress\/index.php\/perspectives-in-biodiversity\/volumes\/2024-1\/dictyomeridium-neureuterae\/\">Continue Reading &rarr;<\/a><\/p>\n","protected":false},"author":12,"featured_media":0,"parent":6451,"menu_order":7,"comment_status":"closed","ping_status":"closed","template":"","meta":{"footnotes":""},"class_list":["post-6881","page","type-page","status-publish","hentry"],"_links":{"self":[{"href":"https:\/\/www.unitec.ac.nz\/epress\/index.php\/wp-json\/wp\/v2\/pages\/6881","targetHints":{"allow":["GET"]}}],"collection":[{"href":"https:\/\/www.unitec.ac.nz\/epress\/index.php\/wp-json\/wp\/v2\/pages"}],"about":[{"href":"https:\/\/www.unitec.ac.nz\/epress\/index.php\/wp-json\/wp\/v2\/types\/page"}],"author":[{"embeddable":true,"href":"https:\/\/www.unitec.ac.nz\/epress\/index.php\/wp-json\/wp\/v2\/users\/12"}],"replies":[{"embeddable":true,"href":"https:\/\/www.unitec.ac.nz\/epress\/index.php\/wp-json\/wp\/v2\/comments?post=6881"}],"version-history":[{"count":14,"href":"https:\/\/www.unitec.ac.nz\/epress\/index.php\/wp-json\/wp\/v2\/pages\/6881\/revisions"}],"predecessor-version":[{"id":7553,"href":"https:\/\/www.unitec.ac.nz\/epress\/index.php\/wp-json\/wp\/v2\/pages\/6881\/revisions\/7553"}],"up":[{"embeddable":true,"href":"https:\/\/www.unitec.ac.nz\/epress\/index.php\/wp-json\/wp\/v2\/pages\/6451"}],"wp:attachment":[{"href":"https:\/\/www.unitec.ac.nz\/epress\/index.php\/wp-json\/wp\/v2\/media?parent=6881"}],"curies":[{"name":"wp","href":"https:\/\/api.w.org\/{rel}","templated":true}]}}