{"id":6679,"date":"2024-04-16T15:23:48","date_gmt":"2024-04-16T02:23:48","guid":{"rendered":"https:\/\/www.unitec.ac.nz\/epress\/?page_id=6679"},"modified":"2025-10-03T11:08:32","modified_gmt":"2025-10-02T22:08:32","slug":"sirenophila-macquariensis","status":"publish","type":"page","link":"https:\/\/www.unitec.ac.nz\/epress\/index.php\/perspectives-in-biodiversity\/volumes\/2024-1\/sirenophila-macquariensis\/","title":{"rendered":"Perspectives in Biodiversity | 2024 | Volume 2 | pp 42\u201349"},"content":{"rendered":"<nav class=\"is-responsive wp-block-navigation is-layout-flex wp-block-navigation-is-layout-flex\" aria-label=\"Perspectives in Biodiversity\" \n\t\t data-wp-interactive=\"core\/navigation\" data-wp-context='{\"overlayOpenedBy\":{\"click\":false,\"hover\":false,\"focus\":false},\"type\":\"overlay\",\"roleAttribute\":\"\",\"ariaLabel\":\"Menu\"}'><button aria-haspopup=\"dialog\" aria-label=\"Open menu\" class=\"wp-block-navigation__responsive-container-open\" \n\t\t\t\tdata-wp-on--click=\"actions.openMenuOnClick\"\n\t\t\t\tdata-wp-on--keydown=\"actions.handleMenuKeydown\"\n\t\t\t><svg width=\"24\" height=\"24\" xmlns=\"http:\/\/www.w3.org\/2000\/svg\" viewBox=\"0 0 24 24\" aria-hidden=\"true\" focusable=\"false\"><path d=\"M4 7.5h16v1.5H4z\"><\/path><path d=\"M4 15h16v1.5H4z\"><\/path><\/svg><\/button>\n\t\t\t\t<div class=\"wp-block-navigation__responsive-container\"  id=\"modal-1\" \n\t\t\t\tdata-wp-class--has-modal-open=\"state.isMenuOpen\"\n\t\t\t\tdata-wp-class--is-menu-open=\"state.isMenuOpen\"\n\t\t\t\tdata-wp-watch=\"callbacks.initMenu\"\n\t\t\t\tdata-wp-on--keydown=\"actions.handleMenuKeydown\"\n\t\t\t\tdata-wp-on--focusout=\"actions.handleMenuFocusout\"\n\t\t\t\ttabindex=\"-1\"\n\t\t\t>\n\t\t\t\t\t<div class=\"wp-block-navigation__responsive-close\" tabindex=\"-1\">\n\t\t\t\t\t\t<div class=\"wp-block-navigation__responsive-dialog\" \n\t\t\t\tdata-wp-bind--aria-modal=\"state.ariaModal\"\n\t\t\t\tdata-wp-bind--aria-label=\"state.ariaLabel\"\n\t\t\t\tdata-wp-bind--role=\"state.roleAttribute\"\n\t\t\t>\n\t\t\t\t\t\t\t<button aria-label=\"Close menu\" class=\"wp-block-navigation__responsive-container-close\" \n\t\t\t\tdata-wp-on--click=\"actions.closeMenuOnClick\"\n\t\t\t><svg xmlns=\"http:\/\/www.w3.org\/2000\/svg\" viewBox=\"0 0 24 24\" width=\"24\" height=\"24\" aria-hidden=\"true\" focusable=\"false\"><path d=\"m13.06 12 6.47-6.47-1.06-1.06L12 10.94 5.53 4.47 4.47 5.53 10.94 12l-6.47 6.47 1.06 1.06L12 13.06l6.47 6.47 1.06-1.06L13.06 12Z\"><\/path><\/svg><\/button>\n\t\t\t\t\t\t\t<div class=\"wp-block-navigation__responsive-container-content\" \n\t\t\t\tdata-wp-watch=\"callbacks.focusFirstElement\"\n\t\t\t id=\"modal-1-content\">\n\t\t\t\t\t\t\t\t<ul class=\"wp-block-navigation__container is-responsive wp-block-navigation\"><li class=\" wp-block-navigation-item wp-block-navigation-link\"><a class=\"wp-block-navigation-item__content\"  href=\"https:\/\/www.unitec.ac.nz\/epress\/index.php\/perspectives-in-biodiversity\/\" rel=\"https:\/\/www.unitec.ac.nz\/epress\/index.php\/perspectives-in-biodiversity\/\" title=\"Home\"><span class=\"wp-block-navigation-item__label\">Home PBD |<\/span><\/a><\/li><li class=\" wp-block-navigation-item wp-block-navigation-link\"><a class=\"wp-block-navigation-item__content\"  href=\"https:\/\/www.unitec.ac.nz\/epress\/index.php\/perspectives-in-biodiversity\/editorial-board\/\" rel=\"https:\/\/www.unitec.ac.nz\/epress\/index.php\/perspectives-in-biodiversity\/editorial-board\/\"><span class=\"wp-block-navigation-item__label\">Editorial Board |<\/span><\/a><\/li><li class=\" wp-block-navigation-item wp-block-navigation-link\"><a class=\"wp-block-navigation-item__content\"  href=\"https:\/\/www.unitec.ac.nz\/epress\/index.php\/perspectives-in-biodiversity\/author-guidelines\/\" rel=\"https:\/\/www.unitec.ac.nz\/epress\/index.php\/perspectives-in-animal-health-and-welfare\/author-guidelines\/\" title=\"Author Guidelines\"><span class=\"wp-block-navigation-item__label\">Author Guidelines |<\/span><\/a><\/li><li class=\" wp-block-navigation-item wp-block-navigation-link\"><a class=\"wp-block-navigation-item__content\"  href=\"https:\/\/www.unitec.ac.nz\/epress\/index.php\/perspectives-in-biodiversity\/volumes\/\" rel=\"https:\/\/www.unitec.ac.nz\/epress\/index.php\/perspectives-in-biodiversity\/volumes\/\" title=\"Issues\"><span class=\"wp-block-navigation-item__label\">Articles |<\/span><\/a><\/li><li class=\" wp-block-navigation-item wp-block-navigation-link\"><a class=\"wp-block-navigation-item__content\"  href=\"https:\/\/www.unitec.ac.nz\/epress\/index.php\/perspectives-in-biodiversity\/editorial-board\/\" rel=\"https:\/\/www.unitec.ac.nz\/epress\/index.php\/perspectives-in-biodiversity\/editorial-board\/\"><span class=\"wp-block-navigation-item__label\">Contact Us <\/span><\/a><\/li><\/ul>\n\t\t\t\t\t\t\t<\/div>\n\t\t\t\t\t\t<\/div>\n\t\t\t\t\t<\/div>\n\t\t\t\t<\/div><\/nav>\n\n\n<div style=\"height:50px\" aria-hidden=\"true\" class=\"wp-block-spacer\"><\/div>\n\n\n\n<div class=\"wp-block-columns is-layout-flex wp-container-core-columns-is-layout-9d6595d7 wp-block-columns-is-layout-flex\">\n<div class=\"wp-block-column is-layout-flow wp-block-column-is-layout-flow\">\n<p>Short Communication<\/p>\n<\/div>\n\n\n\n<div class=\"wp-block-column is-layout-flow wp-block-column-is-layout-flow\">\n<p class=\"has-text-align-right\"><a href=\"https:\/\/www.unitec.ac.nz\/epress\/index.php\/perspectives-in-biodiversity\/volumes\/2024-1\/\" data-type=\"page\" data-id=\"6451\">Volume 2<\/a><\/p>\n<\/div>\n<\/div>\n\n\n\n<h1 class=\"wp-block-heading\"><em>Sirenophila macquariensis<\/em> (Teloschistaceae) \u2013 a new name for the lichen <em>Caloplaca maculata<\/em><\/h1>\n\n\n\n<p><a href=\"https:\/\/orcid.org\/0000-0001-7122-9425\" data-type=\"link\" data-id=\"https:\/\/orcid.org\/0000-0001-7122-9425\" target=\"_blank\" rel=\"noreferrer noopener\"><img loading=\"lazy\" decoding=\"async\" width=\"20\" height=\"20\" class=\"wp-image-5587\" style=\"width: 20px;\" src=\"http:\/\/www.unitec.ac.nz\/epress\/wp-content\/uploads\/2023\/09\/image.png\" alt=\"\"><\/a> Ulrik S\u00f8chting<sup>1, *<\/sup>, <a href=\"https:\/\/orcid.org\/0000-0001-6699-7083\" data-type=\"link\" data-id=\"https:\/\/orcid.org\/0000-0001-6699-7083\" target=\"_blank\" rel=\"noreferrer noopener\"><img loading=\"lazy\" decoding=\"async\" width=\"20\" height=\"20\" class=\"wp-image-5587\" style=\"width: 20px;\" src=\"http:\/\/www.unitec.ac.nz\/epress\/wp-content\/uploads\/2023\/09\/image.png\" alt=\"\"><\/a> Peter de Lange<sup>2<\/sup><br><br>Affiliations:<br>1 Section for Ecology and Evolution, Department of Biology, University of Copenhagen, Universitetsparken 15, DK-2100 Copenhagen \u00d8, Denmark.<br>2 School of Environmental and Animal Sciences, Unitec, Private Bag 92025, Victoria Street West, Auckland 1142, New Zealand.<br>* corresponding author: <a href=\"mailto:pdelange@unitec.ac.nz\">pdelange@unitec.ac.nz<\/a><br><br>Received: 25 February 2024 | Accepted: 25 March 2024 | Published: tba<br>Associate Editor: Mark Large<br><a href=\"https:\/\/doi.org\/10.34074\/pibdiv.002105\">https:\/\/doi.org\/10.34074\/pibdiv.002105<\/a><\/p>\n\n\n\n<p class=\"has-text-align-right\"><a href=\"https:\/\/www.unitec.ac.nz\/epress\/wp-content\/uploads\/2024\/05\/PBD-Sochting-n-de-Lange-2024.pdf\" data-type=\"attachment\" data-id=\"6704\" target=\"_blank\" rel=\"noreferrer noopener\">Download PDF<\/a><\/p>\n\n\n\n<p><strong>Abstract<\/strong>:<br>A new combination for <em>Caloplaca macquariensis <\/em>C.W. Dodge is made in <em>Sirenophila <\/em>S\u00f8chting, Arup &amp; Fr\u00f6d\u00e9n, <em>S. macquariensis <\/em>(C.W. Dodge) S\u00f8chting &amp; de Lange. In the process we reduce the Aotearoa \/ New Zealand <em>Caloplaca maculata <\/em>D.J. Galloway into synonymy within the new combination, noting the lack of morphological distinctions between that species and <em>S. macquariensis<\/em>. Very little is known about <em>S. macquariensis <\/em>which is known only from the type collected from Macquarie Island, however, we offer an update on the species ecology based on collections and observations of the species on the Chatham Islands \u2013 the eastern most extension of the Aotearoa \/ New Zealand archipelago.<\/p>\n\n\n\n<div style=\"height:50px\" aria-hidden=\"true\" class=\"wp-block-spacer\"><\/div>\n\n\n\n<p class=\"has-small-font-size\"><strong>Cite as<\/strong><br>S\u00f8chting, U., de Lange, P. (2024). <em>Sirenophila macquariensis<\/em> (Teloschistaceae) \u2013 a new name for the lichen <em>Caloplaca maculata<\/em>. <em>Perspectives in Biodiversity<\/em>, 2(1): 42\u201349. <a href=\"https:\/\/doi.org\/10.34074\/pibdiv.002105\">https:\/\/doi.org\/10.34074\/pibdiv.002105<\/a><\/p>\n","protected":false},"excerpt":{"rendered":"<p>Short Communication Volume 2 Sirenophila macquariensis (Teloschistaceae) \u2013 a new name for the lichen Caloplaca maculata Ulrik S\u00f8chting1, *, Peter de Lange2 Affiliations:1 Section for Ecology and Evolution, Department of Biology, University of Copenhagen, Universitetsparken 15, DK-2100 Copenhagen \u00d8, Denmark.2&#8230; <a class=\"more-link\" href=\"https:\/\/www.unitec.ac.nz\/epress\/index.php\/perspectives-in-biodiversity\/volumes\/2024-1\/sirenophila-macquariensis\/\">Continue Reading &rarr;<\/a><\/p>\n","protected":false},"author":12,"featured_media":0,"parent":6451,"menu_order":4,"comment_status":"closed","ping_status":"closed","template":"","meta":{"footnotes":""},"class_list":["post-6679","page","type-page","status-publish","hentry"],"_links":{"self":[{"href":"https:\/\/www.unitec.ac.nz\/epress\/index.php\/wp-json\/wp\/v2\/pages\/6679","targetHints":{"allow":["GET"]}}],"collection":[{"href":"https:\/\/www.unitec.ac.nz\/epress\/index.php\/wp-json\/wp\/v2\/pages"}],"about":[{"href":"https:\/\/www.unitec.ac.nz\/epress\/index.php\/wp-json\/wp\/v2\/types\/page"}],"author":[{"embeddable":true,"href":"https:\/\/www.unitec.ac.nz\/epress\/index.php\/wp-json\/wp\/v2\/users\/12"}],"replies":[{"embeddable":true,"href":"https:\/\/www.unitec.ac.nz\/epress\/index.php\/wp-json\/wp\/v2\/comments?post=6679"}],"version-history":[{"count":16,"href":"https:\/\/www.unitec.ac.nz\/epress\/index.php\/wp-json\/wp\/v2\/pages\/6679\/revisions"}],"predecessor-version":[{"id":7550,"href":"https:\/\/www.unitec.ac.nz\/epress\/index.php\/wp-json\/wp\/v2\/pages\/6679\/revisions\/7550"}],"up":[{"embeddable":true,"href":"https:\/\/www.unitec.ac.nz\/epress\/index.php\/wp-json\/wp\/v2\/pages\/6451"}],"wp:attachment":[{"href":"https:\/\/www.unitec.ac.nz\/epress\/index.php\/wp-json\/wp\/v2\/media?parent=6679"}],"curies":[{"name":"wp","href":"https:\/\/api.w.org\/{rel}","templated":true}]}}