{"id":5019,"date":"2023-04-05T13:28:40","date_gmt":"2023-04-05T00:28:40","guid":{"rendered":"https:\/\/www.unitec.ac.nz\/epress\/?page_id=5019"},"modified":"2026-01-07T18:39:31","modified_gmt":"2026-01-07T05:39:31","slug":"editorial-board","status":"publish","type":"page","link":"https:\/\/www.unitec.ac.nz\/epress\/index.php\/perspectives-in-biodiversity\/editorial-board\/","title":{"rendered":"Perspectives in Biodiversity \u2013 Editorial Board"},"content":{"rendered":"<nav class=\"is-responsive wp-block-navigation is-layout-flex wp-block-navigation-is-layout-flex\" aria-label=\"Perspectives in Biodiversity\" \n\t\t data-wp-interactive=\"core\/navigation\" data-wp-context='{\"overlayOpenedBy\":{\"click\":false,\"hover\":false,\"focus\":false},\"type\":\"overlay\",\"roleAttribute\":\"\",\"ariaLabel\":\"Menu\"}'><button aria-haspopup=\"dialog\" aria-label=\"Open menu\" class=\"wp-block-navigation__responsive-container-open\" \n\t\t\t\tdata-wp-on--click=\"actions.openMenuOnClick\"\n\t\t\t\tdata-wp-on--keydown=\"actions.handleMenuKeydown\"\n\t\t\t><svg width=\"24\" height=\"24\" xmlns=\"http:\/\/www.w3.org\/2000\/svg\" viewBox=\"0 0 24 24\" aria-hidden=\"true\" focusable=\"false\"><path d=\"M4 7.5h16v1.5H4z\"><\/path><path d=\"M4 15h16v1.5H4z\"><\/path><\/svg><\/button>\n\t\t\t\t<div class=\"wp-block-navigation__responsive-container\"  id=\"modal-1\" \n\t\t\t\tdata-wp-class--has-modal-open=\"state.isMenuOpen\"\n\t\t\t\tdata-wp-class--is-menu-open=\"state.isMenuOpen\"\n\t\t\t\tdata-wp-watch=\"callbacks.initMenu\"\n\t\t\t\tdata-wp-on--keydown=\"actions.handleMenuKeydown\"\n\t\t\t\tdata-wp-on--focusout=\"actions.handleMenuFocusout\"\n\t\t\t\ttabindex=\"-1\"\n\t\t\t>\n\t\t\t\t\t<div class=\"wp-block-navigation__responsive-close\" tabindex=\"-1\">\n\t\t\t\t\t\t<div class=\"wp-block-navigation__responsive-dialog\" \n\t\t\t\tdata-wp-bind--aria-modal=\"state.ariaModal\"\n\t\t\t\tdata-wp-bind--aria-label=\"state.ariaLabel\"\n\t\t\t\tdata-wp-bind--role=\"state.roleAttribute\"\n\t\t\t>\n\t\t\t\t\t\t\t<button aria-label=\"Close menu\" class=\"wp-block-navigation__responsive-container-close\" \n\t\t\t\tdata-wp-on--click=\"actions.closeMenuOnClick\"\n\t\t\t><svg xmlns=\"http:\/\/www.w3.org\/2000\/svg\" viewBox=\"0 0 24 24\" width=\"24\" height=\"24\" aria-hidden=\"true\" focusable=\"false\"><path d=\"m13.06 12 6.47-6.47-1.06-1.06L12 10.94 5.53 4.47 4.47 5.53 10.94 12l-6.47 6.47 1.06 1.06L12 13.06l6.47 6.47 1.06-1.06L13.06 12Z\"><\/path><\/svg><\/button>\n\t\t\t\t\t\t\t<div class=\"wp-block-navigation__responsive-container-content\" \n\t\t\t\tdata-wp-watch=\"callbacks.focusFirstElement\"\n\t\t\t id=\"modal-1-content\">\n\t\t\t\t\t\t\t\t<ul class=\"wp-block-navigation__container is-responsive wp-block-navigation\"><li class=\" wp-block-navigation-item wp-block-navigation-link\"><a class=\"wp-block-navigation-item__content\"  href=\"https:\/\/www.unitec.ac.nz\/epress\/index.php\/perspectives-in-biodiversity\/\" rel=\"https:\/\/www.unitec.ac.nz\/epress\/index.php\/perspectives-in-biodiversity\/\" title=\"Home\"><span class=\"wp-block-navigation-item__label\">Home PBD |<\/span><\/a><\/li><li class=\" wp-block-navigation-item wp-block-navigation-link\"><a class=\"wp-block-navigation-item__content\"  href=\"https:\/\/www.unitec.ac.nz\/epress\/index.php\/perspectives-in-biodiversity\/editorial-board\/\" rel=\"https:\/\/www.unitec.ac.nz\/epress\/index.php\/perspectives-in-biodiversity\/editorial-board\/\"><span class=\"wp-block-navigation-item__label\">Editorial Board |<\/span><\/a><\/li><li class=\" wp-block-navigation-item wp-block-navigation-link\"><a class=\"wp-block-navigation-item__content\"  href=\"https:\/\/www.unitec.ac.nz\/epress\/index.php\/perspectives-in-biodiversity\/author-guidelines\/\" rel=\"https:\/\/www.unitec.ac.nz\/epress\/index.php\/perspectives-in-animal-health-and-welfare\/author-guidelines\/\" title=\"Author Guidelines\"><span class=\"wp-block-navigation-item__label\">Author Guidelines |<\/span><\/a><\/li><li class=\" wp-block-navigation-item wp-block-navigation-link\"><a class=\"wp-block-navigation-item__content\"  href=\"https:\/\/www.unitec.ac.nz\/epress\/index.php\/perspectives-in-biodiversity\/volumes\/\" rel=\"https:\/\/www.unitec.ac.nz\/epress\/index.php\/perspectives-in-biodiversity\/volumes\/\" title=\"Issues\"><span class=\"wp-block-navigation-item__label\">Articles |<\/span><\/a><\/li><li class=\" wp-block-navigation-item wp-block-navigation-link\"><a class=\"wp-block-navigation-item__content\"  href=\"https:\/\/www.unitec.ac.nz\/epress\/index.php\/perspectives-in-biodiversity\/editorial-board\/\" rel=\"https:\/\/www.unitec.ac.nz\/epress\/index.php\/perspectives-in-biodiversity\/editorial-board\/\"><span class=\"wp-block-navigation-item__label\">Contact Us <\/span><\/a><\/li><\/ul>\n\t\t\t\t\t\t\t<\/div>\n\t\t\t\t\t\t<\/div>\n\t\t\t\t\t<\/div>\n\t\t\t\t<\/div><\/nav>\n\n\n<div style=\"height:15px\" aria-hidden=\"true\" class=\"wp-block-spacer\"><\/div>\n\n\n\n<div class=\"wp-block-group\"><div class=\"wp-block-group__inner-container is-layout-flow wp-block-group-is-layout-flow\">\n<h1 class=\"wp-block-heading\" id=\"seniorEd\">Senior Editors<\/h1>\n\n\n\n<p><strong>Professor Peter de Lange, FLS<\/strong> <br>Unitec, Aotearoa \/ New Zealand<br>botany, biosystematics, ethnobotany, plant conservation, nomenclature, quaternary earth sciences<br>ORCiD: <a href=\"https:\/\/orcid.org\/0000-0001-6699-7083\" target=\"_blank\" rel=\"noreferrer noopener\">0000-0001-6699-7083<\/a><\/p>\n\n\n\n<p><strong>Associate Professor Marleen Baling, FLS<\/strong><br>Unitec, Aotearoa \/ New Zealand<br>reptile and avian ecology, wildlife translocation, conservation and management, behavioural ecology<br>ORCiD: <a href=\"http:\/\/orcid.org\/0000-0003-0389-4807\" target=\"_blank\" rel=\"noreferrer noopener\">0000-0003-0389-4807<\/a><br><\/p>\n\n\n\n<p><strong>contact us<\/strong>: <a href=\"mailto:PIBiodiversity@unitec.ac.nz\">PIBiodiversity @ unitec.ac.nz<\/a><\/p>\n\n\n\n<div style=\"height:15px\" aria-hidden=\"true\" class=\"wp-block-spacer\"><\/div>\n<\/div><\/div>\n\n\n\n<div class=\"wp-block-group\"><div class=\"wp-block-group__inner-container is-layout-flow wp-block-group-is-layout-flow\">\n<div class=\"wp-block-cover is-light\" style=\"min-height:100px;aspect-ratio:unset;\"><span aria-hidden=\"true\" class=\"wp-block-cover__background has-white-background-color has-background-dim-70 has-background-dim\"><\/span><img loading=\"lazy\" decoding=\"async\" width=\"2048\" height=\"1514\" class=\"wp-block-cover__image-background wp-image-5348\" alt=\"\" src=\"http:\/\/www.unitec.ac.nz\/epress\/wp-content\/uploads\/2023\/05\/peterdelange42.jpg\" style=\"object-position:13% 55%\" data-object-fit=\"cover\" data-object-position=\"13% 55%\" srcset=\"https:\/\/www.unitec.ac.nz\/epress\/wp-content\/uploads\/2023\/05\/peterdelange42.jpg 2048w, https:\/\/www.unitec.ac.nz\/epress\/wp-content\/uploads\/2023\/05\/peterdelange42-250x185.jpg 250w, https:\/\/www.unitec.ac.nz\/epress\/wp-content\/uploads\/2023\/05\/peterdelange42-850x628.jpg 850w, https:\/\/www.unitec.ac.nz\/epress\/wp-content\/uploads\/2023\/05\/peterdelange42-100x74.jpg 100w, https:\/\/www.unitec.ac.nz\/epress\/wp-content\/uploads\/2023\/05\/peterdelange42-768x568.jpg 768w, https:\/\/www.unitec.ac.nz\/epress\/wp-content\/uploads\/2023\/05\/peterdelange42-1536x1136.jpg 1536w\" sizes=\"auto, (max-width: 2048px) 100vw, 2048px\" \/><div class=\"wp-block-cover__inner-container is-layout-flow wp-block-cover-is-layout-flow\">\n<h1 class=\"wp-block-heading\" id=\"assocEd\">Associate Editors<\/h1>\n\n\n\n<p><strong>Dr Ryan de Regnier<\/strong><br>Unitec, Aotearoa \/ New Zealand<br>ORCiD: <a href=\"https:\/\/orcid.org\/0009-0000-4447-1478\" target=\"_blank\" rel=\"noreferrer noopener\">0009-0000-4447-1478<\/a><\/p>\n\n\n\n<p><strong>Associate Professor Emmanuele Farris, FLS<\/strong><br>University of Sassari, Sardinia, Italy<br>botany, ecology, ornithology, phytosociology<br>ORCiD: <a href=\"https:\/\/orcid.org\/0000-0002-9843-5998\" target=\"_blank\" rel=\"noreferrer noopener\">0000-0002-9843-5998<\/a><\/p>\n\n\n\n<p><strong>Lilith Fisher<\/strong><br>Unitec, Aotearoa \/ New Zealand<br>Animal taxonomy, arachnologist<br>ORCiD: <a href=\"https:\/\/orcid.org\/0009-0006-7930-6345\">0009-0006-7930-6345<\/a><\/p>\n\n\n\n<p><strong>Dr Tilo Henning<\/strong><br>Leibniz Centre, Agricultural Landscape Research, Germany<br>angiosperm biosystematist, neotropical flora<br>ORCiD: <a href=\"https:\/\/orcid.org\/0000-0003-1929-3264\" data-type=\"link\" data-id=\"https:\/\/orcid.org\/0000-0003-1929-3264\" target=\"_blank\" rel=\"noreferrer noopener\">0000-0003-1929-3264<\/a><\/p>\n\n\n\n<p><strong>Associate Professor Mark Large, FLS<\/strong><br>Unitec, Aotearoa \/ New Zealand<br>botany, plant systematics, biogeography, nomenclature, ethnobotany, cytology<\/p>\n\n\n\n<p><strong>Dr Joanne M. Monks<\/strong><br>University of Otago, Aotearoa \/ New Zealand<br>applied ecology, conservation ecology, behavioural ecology, alpine ecosystems, reptiles and bats<br>ORCiD: <a href=\"https:\/\/orcid.org\/0000-0001-9391-380X\" target=\"_blank\" rel=\"noreferrer noopener\">0000-0001-9391-380X<\/a><\/p>\n\n\n\n<p><strong>Dr Luis Ortiz Catedral<\/strong><br>World Parrot Trust<br>island restoration, bird conservation, natural history of birds and reptiles, animal translocations<br>ORCiD: <a href=\"https:\/\/orcid.org\/0000-0001-5707-5140\" target=\"_blank\" rel=\"noreferrer noopener\">0000-0001-5707-5140<\/a><\/p>\n\n\n\n<p><strong>Dr Matthew Renner, FLS<\/strong><br>Honorary Associate, Royal Botanic Gardens, Sydney, Australia<br>Research Associate, Auckland War Memorial Museum<br>biosystematics, hepaticology, geometric morphometrics, phylogenetic systematics, nomenclature<br>ORCID: <a href=\"https:\/\/orcid.org\/0000-0003-2286-7257\" target=\"_blank\" rel=\"noreferrer noopener\">0000-0003-2286-7257<\/a><\/p>\n\n\n\n<p><strong>Professor Sergei L. Mosyakin <\/strong><br>M.G. Kholodny Institute of Botany, Kyiv, Ukraine<br>botany, biosystematics, nomenclature<br>ORCiD: <a rel=\"noreferrer noopener\" href=\"https:\/\/orcid.org\/0000-0002-3570-3190\" target=\"_blank\">0000-0002-3570-3190<\/a><\/p>\n\n\n\n<p><strong>Dr Filip Verloove<\/strong><br>Meise Botanic Garden, Belgium<br>alien plants, Cyperaceae, Poceae, Malvacae<br>ORCiD: <a href=\"https:\/\/orcid.org\/0000-0003-4144-2422\" target=\"_blank\" rel=\"noreferrer noopener\">0000-0003-4144-2422<\/a><\/p>\n\n\n\n<p><strong>Dr Sarah Wells<\/strong><br>Unitec, Aotearoa \/ New Zealand<br>population genetics, phylogenetics, ornithology<br>ORCiD: <a href=\"https:\/\/orcid.org\/0000-0002-9431-3424\" target=\"_blank\" rel=\"noreferrer noopener\">0000-0002-9431-3424<\/a><\/p>\n<\/div><\/div>\n<\/div><\/div>\n\n\n\n<div style=\"height:15px\" aria-hidden=\"true\" class=\"wp-block-spacer\"><\/div>\n\n\n\n<div class=\"wp-block-group\"><div class=\"wp-block-group__inner-container is-layout-flow wp-block-group-is-layout-flow\">\n<h1 class=\"wp-block-heading\" id=\"advisors\">Cultural Advisors<\/h1>\n\n\n\n<p><strong>Graeme Atkins, Ng\u0101ti Porou\/Te Wh\u0101nau-\u0101-Apanui (M\u0101ori)<\/strong><br>Paimaunga Trust<\/p>\n\n\n\n<p><strong>Susan Thorpe, MA London (Moriori)<\/strong><br>Hokotehi Moriori Trust<\/p>\n\n\n\n<p><strong>Daisy Bentley-Gray (Pasifika)<\/strong><br>Unitec, Aotearoa&nbsp; \/New Zealand<\/p>\n<\/div><\/div>\n\n\n\n<hr class=\"wp-block-separator has-alpha-channel-opacity\"\/>\n\n\n\n<div style=\"height:30px\" aria-hidden=\"true\" class=\"wp-block-spacer\"><\/div>\n\n\n<nav class=\"is-responsive wp-block-navigation is-layout-flex wp-block-navigation-is-layout-flex\" aria-label=\"Perspectives in Biodiversity 2\" \n\t\t data-wp-interactive=\"core\/navigation\" data-wp-context='{\"overlayOpenedBy\":{\"click\":false,\"hover\":false,\"focus\":false},\"type\":\"overlay\",\"roleAttribute\":\"\",\"ariaLabel\":\"Menu\"}'><button aria-haspopup=\"dialog\" aria-label=\"Open menu\" class=\"wp-block-navigation__responsive-container-open\" \n\t\t\t\tdata-wp-on--click=\"actions.openMenuOnClick\"\n\t\t\t\tdata-wp-on--keydown=\"actions.handleMenuKeydown\"\n\t\t\t><svg width=\"24\" height=\"24\" xmlns=\"http:\/\/www.w3.org\/2000\/svg\" viewBox=\"0 0 24 24\" aria-hidden=\"true\" focusable=\"false\"><path d=\"M4 7.5h16v1.5H4z\"><\/path><path d=\"M4 15h16v1.5H4z\"><\/path><\/svg><\/button>\n\t\t\t\t<div class=\"wp-block-navigation__responsive-container\"  id=\"modal-2\" \n\t\t\t\tdata-wp-class--has-modal-open=\"state.isMenuOpen\"\n\t\t\t\tdata-wp-class--is-menu-open=\"state.isMenuOpen\"\n\t\t\t\tdata-wp-watch=\"callbacks.initMenu\"\n\t\t\t\tdata-wp-on--keydown=\"actions.handleMenuKeydown\"\n\t\t\t\tdata-wp-on--focusout=\"actions.handleMenuFocusout\"\n\t\t\t\ttabindex=\"-1\"\n\t\t\t>\n\t\t\t\t\t<div class=\"wp-block-navigation__responsive-close\" tabindex=\"-1\">\n\t\t\t\t\t\t<div class=\"wp-block-navigation__responsive-dialog\" \n\t\t\t\tdata-wp-bind--aria-modal=\"state.ariaModal\"\n\t\t\t\tdata-wp-bind--aria-label=\"state.ariaLabel\"\n\t\t\t\tdata-wp-bind--role=\"state.roleAttribute\"\n\t\t\t>\n\t\t\t\t\t\t\t<button aria-label=\"Close menu\" class=\"wp-block-navigation__responsive-container-close\" \n\t\t\t\tdata-wp-on--click=\"actions.closeMenuOnClick\"\n\t\t\t><svg xmlns=\"http:\/\/www.w3.org\/2000\/svg\" viewBox=\"0 0 24 24\" width=\"24\" height=\"24\" aria-hidden=\"true\" focusable=\"false\"><path d=\"m13.06 12 6.47-6.47-1.06-1.06L12 10.94 5.53 4.47 4.47 5.53 10.94 12l-6.47 6.47 1.06 1.06L12 13.06l6.47 6.47 1.06-1.06L13.06 12Z\"><\/path><\/svg><\/button>\n\t\t\t\t\t\t\t<div class=\"wp-block-navigation__responsive-container-content\" \n\t\t\t\tdata-wp-watch=\"callbacks.focusFirstElement\"\n\t\t\t id=\"modal-2-content\">\n\t\t\t\t\t\t\t\t<ul class=\"wp-block-navigation__container is-responsive wp-block-navigation\"><li class=\" wp-block-navigation-item wp-block-navigation-link\"><a class=\"wp-block-navigation-item__content\"  href=\"https:\/\/www.unitec.ac.nz\/epress\/index.php\/perspectives-in-biodiversity\/\" rel=\"https:\/\/www.unitec.ac.nz\/epress\/index.php\/perspectives-in-biodiversity\/\" title=\"Home\"><span class=\"wp-block-navigation-item__label\">Home PBD |<\/span><\/a><\/li><li class=\" wp-block-navigation-item wp-block-navigation-link\"><a class=\"wp-block-navigation-item__content\"  href=\"https:\/\/www.unitec.ac.nz\/epress\/index.php\/perspectives-in-biodiversity\/editorial-board\/\" rel=\"https:\/\/www.unitec.ac.nz\/epress\/index.php\/perspectives-in-biodiversity\/editorial-board\/\"><span class=\"wp-block-navigation-item__label\">Editorial Board |<\/span><\/a><\/li><li class=\" wp-block-navigation-item wp-block-navigation-link\"><a class=\"wp-block-navigation-item__content\"  href=\"https:\/\/www.unitec.ac.nz\/epress\/index.php\/perspectives-in-biodiversity\/author-guidelines\/\" rel=\"https:\/\/www.unitec.ac.nz\/epress\/index.php\/perspectives-in-animal-health-and-welfare\/author-guidelines\/\" title=\"Author Guidelines\"><span class=\"wp-block-navigation-item__label\">Author Guidelines |<\/span><\/a><\/li><li class=\" wp-block-navigation-item wp-block-navigation-link\"><a class=\"wp-block-navigation-item__content\"  href=\"https:\/\/www.unitec.ac.nz\/epress\/index.php\/perspectives-in-biodiversity\/volumes\/\" rel=\"https:\/\/www.unitec.ac.nz\/epress\/index.php\/perspectives-in-biodiversity\/volumes\/\" title=\"Issues\"><span class=\"wp-block-navigation-item__label\">Articles |<\/span><\/a><\/li><li class=\" wp-block-navigation-item wp-block-navigation-link\"><a class=\"wp-block-navigation-item__content\"  href=\"https:\/\/www.unitec.ac.nz\/epress\/index.php\/perspectives-in-biodiversity\/editorial-board\/\" rel=\"https:\/\/www.unitec.ac.nz\/epress\/index.php\/perspectives-in-biodiversity\/editorial-board\/\"><span class=\"wp-block-navigation-item__label\">Contact Us <\/span><\/a><\/li><\/ul>\n\t\t\t\t\t\t\t<\/div>\n\t\t\t\t\t\t<\/div>\n\t\t\t\t\t<\/div>\n\t\t\t\t<\/div><\/nav>","protected":false},"excerpt":{"rendered":"<p>Senior Editors Professor Peter de Lange, FLS Unitec, Aotearoa \/ New Zealandbotany, biosystematics, ethnobotany, plant conservation, nomenclature, quaternary earth sciencesORCiD: 0000-0001-6699-7083 Associate Professor Marleen Baling, FLSUnitec, Aotearoa \/ New Zealandreptile and avian ecology, wildlife translocation, conservation and management, behavioural ecologyORCiD:&#8230; <a class=\"more-link\" href=\"https:\/\/www.unitec.ac.nz\/epress\/index.php\/perspectives-in-biodiversity\/editorial-board\/\">Continue Reading &rarr;<\/a><\/p>\n","protected":false},"author":11,"featured_media":0,"parent":5042,"menu_order":1,"comment_status":"closed","ping_status":"closed","template":"","meta":{"footnotes":""},"class_list":["post-5019","page","type-page","status-publish","hentry"],"_links":{"self":[{"href":"https:\/\/www.unitec.ac.nz\/epress\/index.php\/wp-json\/wp\/v2\/pages\/5019","targetHints":{"allow":["GET"]}}],"collection":[{"href":"https:\/\/www.unitec.ac.nz\/epress\/index.php\/wp-json\/wp\/v2\/pages"}],"about":[{"href":"https:\/\/www.unitec.ac.nz\/epress\/index.php\/wp-json\/wp\/v2\/types\/page"}],"author":[{"embeddable":true,"href":"https:\/\/www.unitec.ac.nz\/epress\/index.php\/wp-json\/wp\/v2\/users\/11"}],"replies":[{"embeddable":true,"href":"https:\/\/www.unitec.ac.nz\/epress\/index.php\/wp-json\/wp\/v2\/comments?post=5019"}],"version-history":[{"count":78,"href":"https:\/\/www.unitec.ac.nz\/epress\/index.php\/wp-json\/wp\/v2\/pages\/5019\/revisions"}],"predecessor-version":[{"id":7809,"href":"https:\/\/www.unitec.ac.nz\/epress\/index.php\/wp-json\/wp\/v2\/pages\/5019\/revisions\/7809"}],"up":[{"embeddable":true,"href":"https:\/\/www.unitec.ac.nz\/epress\/index.php\/wp-json\/wp\/v2\/pages\/5042"}],"wp:attachment":[{"href":"https:\/\/www.unitec.ac.nz\/epress\/index.php\/wp-json\/wp\/v2\/media?parent=5019"}],"curies":[{"name":"wp","href":"https:\/\/api.w.org\/{rel}","templated":true}]}}